 -29. Suppose -w*k = -2*g, 4*k - 3*k + 3*g + 12 = 0. Calculate y(k).
-5
Let k(a) = -5*a - 151. Let s(z) = -z - 34. Let p(y) = 2*k(y) - 9*s(y). What is p(-2)?
6
Let c(u) be the second derivative of u**5/60 - u**4/24 - 7*u**2/2 - 9*u. Let i(l) be the first derivative of c(l). Give i(3).
6
Suppose -8 = -17*x + 21*x. Let a(n) = 0 + 2*n - 4 + 4*n**2 + 6. Determine a(x).
14
Let y be 10/8 - 1/4. Let m(n) be the third derivative of n**6/120 + n**5/30 - n**4/12 + n**3/6 - 20*n**2. Calculate m(y).
2
Suppose -7 = t - 3*l, 0 = 3*t - 2*l - l + 15. Let r(p) be the first derivative of 1/3*p**3 + 6*p - 12 + 3*p**2. What is r(t)?
-2
Let j(t) be the second derivative of -t**6/120 + t**4/6 + t**3/2 - 3*t**2/2 + 12*t. Let h(u) be the first derivative of j(u). Give h(-2).
3
Let p = -198 - -111. Let s = p - -93. Let r(t) = -t - 4. Give r(s).
-10
Let a(v) = -2*v + 10. Let x be (10/(-4))/((-15)/30). Let f be a(x). Let p(c) = c**3 - c**2 + c - 12. Calculate p(f).
-12
Let s(l) = l**2 + 9*l + 8. Let p(c) = -4*c**2 + 4*c + 8. Let i(x) = -3*x**2 + 5*x + 8. Let u(y) = -5*i(y) + 4*p(y). Let q(b) = -7*s(b) - 6*u(b). What is q(-7)?
6
Suppose -5*n - 125 = -i, -5*n + n - 86 = 2*i. Let s = -17 - n. Suppose 0 = -3*z + s - 4. Let a(g) = -4*g - 1. What is a(z)?
-5
Let b(d) be the third derivative of -d**6/120 - d**5/12 + d**4/6 + 3*d**3/2 + 24*d**2. Let g be (-1)/(-2*(-2)/24). Give b(g).
21
Let o(g) = -25*g**3 + 8*g**2 - 3*g + 8. Let v(l) = -71*l**3 + 24*l**2 - 9*l + 24. Let c(i) = 17*o(i) - 6*v(i). Give c(8).
16
Let p(b) = 0*b**3 + 3*b + 4 - 12*b**3 - 9*b - 4*b**2 + 13*b**3. Calculate p(5).
-1
Let p(n) be the second derivative of -n**4/12 + n**3 - 3*n**2 - 5*n. Let r = 6 - 8. Let f be r/4 + 66/12. Give p(f).
-1
Let h(k) = 3*k + 33. Let y be (-9)/(-3)*(0 - -3 - 6). Let o be h(y). Let a(w) = -w**2 + 7*w. Determine a(o).
6
Let l(o) = -o**2 + 2*o - 2. Let j be -3 - (-3)/3 - -1. Let f = 13 + j. Suppose 3*x - 2*k = f, 4*x - x - k = 9. Calculate l(x).
-2
Let o(u) = -u**2 - u - 1. Let i(y) = y**3 - 8*y**2 - 7*y - 10. Let n(m) = -i(m) + 4*o(m). Let t = -276 + 281. Determine n(t).
-4
Let u(k) = k**3 - 2*k**2 - 5*k + 6. Suppose -20 = -134*q + 129*q. Calculate u(q).
18
Let i(p) = 4*p - 3. Suppose 13*t - 22*t = -36. Calculate i(t).
13
Let m(s) be the third derivative of s**4/24 - s**3/2 + 42*s**2. Give m(13).
10
Suppose 5*f + 1 = -29. Let x(u) = -3*u + 5*u + 1191 - 1186. What is x(f)?
-7
Let v(g) be the second derivative of g**2 + 22*g + 0 - 1/10*g**5 + 1/3*g**3 - 1/12*g**4. Let l be (-2)/(-8) - (-9)/(-4). What is v(l)?
10
Let h(a) = -2*a - 2. Let i(x) be the second derivative of -x**3/2 - x**2 + x - 4. Let c(d) = -5*h(d) + 3*i(d). Determine c(-6).
-2
Let b be ((-8)/6)/(4/(-6)). Suppose -q - 4*z - 4 = z, -4*q - 34 = b*z. Let w be q - (1 + (2 - 7)). Let r(i) = -2*i - 7. Give r(w).
3
Let k(v) = v**2 - 11*v + 10. Suppose 0 = 4*s, -3*s = -w + 5*w - 36. What is k(w)?
-8
Let t(f) be the first derivative of f**4/4 + 2*f**3/3 + 5*f**2/2 + 4*f - 30. Let u be t(-2). Let m(v) = v**2 + 8*v - 2. Calculate m(u).
-14
Let i(f) be the first derivative of 15 - 1/2*f**2 - 5*f. Let c(y) = y**2 - 3*y - 4. Let r be c(3). Determine i(r).
-1
Let i = -2 - -2. Let o(c) be the third derivative of 1/3*c**3 + i*c + 2*c**2 - 1/12*c**4 + 0. Calculate o(3).
-4
Let i = 25 - 34. Let o be (4/(-6))/(6/i). Let l(r) = r**2. Let t(a) = 9*a**2 - a. Let d(x) = -6*l(x) + t(x). What is d(o)?
2
Let l be (-30)/135 + 2/9. Let x(y) = 5*y - 1. Let t be x(1). Suppose l*w - t*w = 0. Let s(c) = -c**2 + c - 3. Determine s(w).
-3
Let s(z) be the first derivative of -z**6/120 - 11*z**5/60 - 5*z**3/6 - 5*z**2 + 2. Let r(y) be the second derivative of s(y). What is r(-11)?
-5
Let n(p) = -43 - 45 + 102 - p. Give n(17).
-3
Let d(m) be the second derivative of m**5/20 - m**4/6 - m**2/2 + 21*m. Let b be ((-102)/85)/(2/(-5)). Calculate d(b).
8
Let q(t) = 2*t - 8. Suppose 2*v - 3*u + 6*u - 18 = 0, -12 = 3*u. Let m be 12/10*20/3. Let h = v - m. What is q(h)?
6
Let u(m) = -13*m**2 + 2*m + 1. Suppose 136 = -2*z + q - 3*q, 0 = 5*z + q + 344. Let o = 68 + z. What is u(o)?
-14
Suppose 5*b - 151 = -4*k + 1188, 3*b - 804 = -3*k. Let m(q) = -535*q + b*q + 18*q**2 + 269*q. Determine m(-1).
17
Suppose 4*r + 13*j - 14 = 18*j, -2*r + 4 = -4*j. Let z(n) = n**3 - 7*n**2 + 7*n - 3. Calculate z(r).
3
Let o(q) be the third derivative of -1/12*q**4 - 6*q**2 + 0 - 5/3*q**3 + 0*q. What is o(-8)?
6
Let j(n) be the first derivative of -n**2/2 + 3*n + 427. Calculate j(-1).
4
Suppose 3*x + 11 = c - 4, 2*c - 25 = x. Suppose -2*d = d - c. Let i(g) = -1 - 3 + d + g. Calculate i(-3).
-3
Let u(r) = -r - 1. Let z(f) = 8*f + 2. Let y(d) = 17*d + 5. Let i(m) = 2*y(m) - 5*z(m). Let w be i(1). Let b be u(w). Let o(j) = j. Determine o(b).
5
Let o(b) be the first derivative of 0*b**2 + 0*b + 1/24*b**4 + 6 + 1/30*b**5 - 10/3*b**3. Let q(s) be the third derivative of o(s). What is q(-1)?
-3
Let c = 19 + -15. Suppose 9*m = c*m. Suppose 0 = -m*d - d - 1. Let u(r) = 6*r. Calculate u(d).
-6
Let c(z) be the second derivative of z**4/12 - z**3/3 + 23*z**2 + 28*z. Let y(h) be the first derivative of c(h). Calculate y(-5).
-12
Let h(m) = 41*m**2 - m - 2. Let d(f) = -19*f**2 + 1. Let y(i) = -7*d(i) - 3*h(i). Calculate y(1).
12
Suppose -y + 1 = 2, -7 = -5*z + 2*y. Let o(d) be the first derivative of 7/2*d**4 + 0*d**2 + 0*d**3 + d - 57. What is o(z)?
15
Suppose -4*i = k, 0 = -i + 10 - 13. Let n(v) = -v**2 + 12*v + 5. What is n(k)?
5
Let l(b) = -2*b**3 - 2*b**2 - 2*b - 1. Suppose 4*k = 3*s - 11, 5*s + 1 = 5*k + 11. What is l(s)?
41
Let k(z) = 4*z + 1. Let v be 216/10 - (-6)/15. Suppose -v*d + 5 = -17*d. Give k(d).
5
Let j(p) be the third derivative of p**5/20 + 11*p**4/12 - 2*p**3 - 26*p**2. Let f be j(-8). Let n(h) = -h**2 + 2*h - 1. Calculate n(f).
-9
Let f(q) = 4768 + q - 2370 - 2367. Determine f(-13).
18
Let k = 1 + -4. Let v(h) be the second derivative of -1/6*h**3 - 1/20*h**5 - 12*h - 1/3*h**4 - h**2 + 0. Give v(k).
-8
Let g = 5 + 5. Suppose -a + g = 9. Let h be (-2 - (5 - a))/1. Let r(l) = -l + 3. Calculate r(h).
9
Let r = -212 - -209. Let s(x) = 9*x + 4. What is s(r)?
-23
Suppose -2 = -a - 1. Let d(x) = -4*x - x**2 + 3*x - x + x. Calculate d(a).
-2
Let k(n) be the third derivative of -n**6/120 + 7*n**5/30 - n**4/2 - 7*n**3/6 + 130*n**2. Calculate k(13).
6
Let h(t) = 11*t + 1 - 2*t - t. Give h(-1).
-7
Let c be 39/(-234) + 1/6. Let z(w) = -w**3 + w**2 - w + 15. Calculate z(c).
15
Let n(c) be the second derivative of c**5/20 - c**3/6 - c**2 + 59*c. Determine n(0).
-2
Suppose 13*v - 15*v - 42 = 0. Let l be (16/(-12))/(3 - v/(-9)). Let p(y) = 3 - 3 + y - 2. What is p(l)?
-4
Let y(h) be the first derivative of -h**4/12 + h**3 - 4*h**2 - 31*h - 30. Let f(j) be the first derivative of y(j). Give f(7).
-15
Let i(o) = 17*o**2 + 2*o + 1. Suppose 3*h = 3*j - 5*j - 29, -h - 33 = 3*j. Let x be ((-5)/j + -1)*2. Determine i(x).
16
Let q(g) = -g**2 + 6*g + 5. Suppose 125 = -11*l + 16*l. Suppose 3*s + l = 8*s. Determine q(s).
10
Let r = -1753 - -1757. Let p(z) be the third derivative of 1/6*z**r + 0*z + 0*z**3 + 10*z**2 + 0. Give p(-2).
-8
Suppose 5*p - 56 = -0*p - 2*n, -2*p = 5*n - 14. Let w be (-23)/3 - (52/p - 5). Let x(u) = u + 3. Calculate x(w).
-4
Let l(h) = -1287 + 648 + 639 + h**2 + 2*h**3 - h. Let t(a) = a**3 - 3*a**2 - 6*a + 6. Let j be t(4). Give l(j).
-10
Let t(g) = -39 + 12 + 16 + 5*g + 7. Give t(3).
11
Let o(k) = -1347 + 669 - 4*k**2 + 671 - 13*k + k**2. Give o(-4).
-3
Let i(r) be the second derivative of -r**6/720 + r**5/60 + 25*r**4/12 + 11*r. Let t(y) be the third derivative of i(y). Determine t(8).
-6
Let y be 1/1 - 12/2. Let r(x) = -16*x - 11. Let o(i) = -38*i - 24. Let t(j) = 3*o(j) - 7*r(j). Calculate t(y).
15
Let l(z) = -11*z - 44. Let x(n) = -9*n - 40. Let o(y) = 4*l(y) - 5*x(y). Give o(-14).
10
Suppose 0*t + 3*t - 6 = 0. Let x = -532 - -535. Let h(n) = t*n - 7 + n + x + n**2. Calculate h(-5).
6
Let l be 3 + (-1 - -13)/(-3). Let n be l/(((-3)/(-15))/(-1)). Let c(m) = -4*m**2 - 29*m + 7 + 3*m**2 + 19*m + 15*m. Calculate c(n).
7
Let n(i) = 0*i + 62 + 29*i - 24*i. What is n(-12)?
2
Let l(z) be the third derivative of z**6/120 - z**5/30 - 214*z**2. Determine l(2).
0
Let d = 6 + -3. Let c(i) = -5*i**3 + i**2 - 3*i - 8. Let o(p) = -9*p**3 + 3*p**2 - 6*p - 15. Let y(f) = 7*c(f) - 4*o(f). What 